 common factor of 9704 and 33332027?
1213
What is the highest common divisor of 405 and 2578845?
15
What is the highest common factor of 381272 and 33912?
8
What is the highest common factor of 9399 and 75165?
3
Calculate the highest common factor of 348002 and 2858506.
382
Calculate the highest common factor of 354 and 2322336996.
354
Calculate the highest common divisor of 7336 and 2267249488.
7336
What is the greatest common divisor of 115282818 and 567?
189
Calculate the highest common factor of 1697514 and 56.
14
Calculate the greatest common factor of 178144 and 646.
38
What is the highest common factor of 444071472 and 24?
24
Calculate the highest common factor of 833502 and 1950.
6
What is the highest common divisor of 70557835 and 11530?
5765
What is the greatest common divisor of 32 and 29254612?
4
What is the greatest common divisor of 612 and 350999?
17
Calculate the highest common factor of 37231269 and 2199.
2199
What is the greatest common factor of 43094525 and 21850?
575
Calculate the highest common factor of 52075732 and 304.
76
Calculate the greatest common divisor of 830270 and 88550.
70
Calculate the greatest common factor of 1992229 and 4868.
1217
What is the greatest common factor of 12257875 and 35?
35
What is the greatest common divisor of 46082392 and 85740?
5716
What is the greatest common divisor of 180 and 160073370?
90
What is the highest common divisor of 1536 and 36778272?
96
What is the highest common factor of 629 and 239989289?
629
Calculate the greatest common divisor of 106533819 and 329.
329
Calculate the highest common divisor of 68077230 and 2076.
1038
What is the greatest common factor of 9481 and 453568?
19
Calculate the greatest common factor of 1 and 7071073.
1
Calculate the highest common factor of 3647358 and 2178.
198
What is the greatest common divisor of 191 and 17185798?
191
What is the greatest common divisor of 204458237 and 31?
31
Calculate the highest common factor of 44128665 and 21609.
3087
What is the greatest common divisor of 1921 and 173483589?
1921
Calculate the highest common divisor of 772907344 and 44.
44
Calculate the highest common divisor of 366 and 17135571.
183
What is the highest common divisor of 832698 and 6912?
18
What is the greatest common factor of 239291 and 22357?
79
Calculate the greatest common factor of 6879456 and 288.
288
Calculate the greatest common divisor of 128160 and 4976.
16
Calculate the greatest common factor of 5967 and 77170548.
663
Calculate the greatest common divisor of 629084752 and 1439.
1439
Calculate the greatest common factor of 46 and 281608596.
46
Calculate the highest common factor of 7521536 and 1056.
352
Calculate the greatest common divisor of 4488154428 and 204.
204
What is the highest common factor of 1047816 and 64449?
2079
What is the highest common factor of 202 and 3295125?
101
Calculate the highest common divisor of 43 and 53664516.
43
Calculate the highest common divisor of 27360 and 5371056.
144
What is the greatest common factor of 138 and 16462020?
138
What is the highest common divisor of 744 and 22225512?
744
What is the greatest common factor of 8690171 and 2709?
301
What is the greatest common divisor of 2554865 and 13995?
1555
Calculate the highest common divisor of 62008 and 2853840.
184
Calculate the highest common factor of 192237240 and 7800.
1560
What is the highest common factor of 1207 and 3467048?
17
Calculate the greatest common divisor of 5017053 and 5925.
237
Calculate the greatest common factor of 48916854 and 1428.
714
Calculate the greatest common divisor of 15132 and 196872.
156
What is the greatest common factor of 11510780 and 60?
20
What is the highest common factor of 104949 and 10309?
169
What is the greatest common factor of 46 and 2657029?
23
What is the greatest common divisor of 5031 and 408285?
387
What is the highest common factor of 180 and 5916135?
15
What is the greatest common factor of 1467928 and 19404?
308
Calculate the greatest common factor of 3017939 and 3409.
487
What is the highest common factor of 69 and 695067222?
69
Calculate the highest common factor of 10541231 and 94215.
571
What is the greatest common divisor of 9300 and 6156900?
300
What is the highest common divisor of 133 and 173315473?
19
Calculate the greatest common factor of 194028 and 7653894.
5106
Calculate the highest common factor of 325 and 561580175.
325
Calculate the greatest common factor of 12 and 11740002.
6
What is the highest common factor of 1599 and 609726?
39
Calculate the greatest common divisor of 158014 and 489622.
82
Calculate the highest common factor of 43 and 1169711628.
43
Calculate the highest common factor of 348 and 4351884.
12
Calculate the greatest common factor of 1987047 and 18.
9
Calculate the highest common divisor of 7863 and 19463546.
2621
Calculate the highest common divisor of 5976 and 420000750.
1494
What is the greatest common factor of 16643 and 6669927?
979
What is the highest common factor of 86831140 and 95?
95
Calculate the highest common factor of 482897030 and 28.
14
What is the greatest common divisor of 3101569 and 8033?
277
Calculate the highest common divisor of 252 and 410802252.
84
Calculate the highest common divisor of 23907 and 5288351.
613
What is the highest common divisor of 1286687 and 253979?
2099
Calculate the greatest common divisor of 8691786 and 486.
162
Calculate the highest common factor of 19980 and 1927932.
12
What is the greatest common divisor of 55781117 and 556?
139
What is the highest common factor of 77604 and 44124?
12
What is the greatest common divisor of 43 and 2988819447?
43
Calculate the greatest common divisor of 7446 and 2566826.
146
Calculate the highest common divisor of 895 and 342981005.
895
Calculate the highest common factor of 4303881 and 1728.
27
What is the highest common factor of 266016 and 55824?
48
Calculate the highest common divisor of 79688 and 2688.
56
Calculate the greatest common divisor of 96052160 and 10.
10
What is the greatest common divisor of 3711 and 661326177?
3711
Calculate the highest common divisor of 5238 and 22534.
2
What is the highest common divisor of 329912568 and 7380?
1476
Calculate the highest common factor of 100830534 and 32424.
8106
What is the highest common divisor of 192123 and 2556?
9
Calculate the greatest common factor of 10390 and 6521803.
1039
Calculate the greatest common factor of 7201283 and 34417.
271
Calculate the highest common divisor of 37071 and 5769.
9
What is the highest common factor of 2196 and 482388?
732
Calculate the highest common divisor of 40 and 14003560.
40
What is the greatest common factor of 1176 and 6234816?
168
What is the highest common factor of 173 and 789148669?
173
What is the greatest common factor of 88708 and 31876?
4
Calculate the highest common factor of 612624 and 1632.
48
What is the highest common divisor of 4700 and 14821074?
94
What is the highest common factor of 12276 and 133621191?
3069
What is the highest common factor of 462168 and 5090136?
3144
What is the highest common factor of 130163872 and 72?
8
What is the highest common factor of 44527729 and 107?
107
What is the highest common factor of 403524 and 187?
11
Calculate the greatest common factor of 7025 and 6169355.
1405
Calculate the highest common factor of 126670 and 1090740.
530
Calculate the highest common divisor of 630 and 50423562.
126
What is the greatest common divisor of 39 and 10002304?
13
Calculate the highest common divisor of 19142 and 310454.
34
What is the highest common divisor of 3067220 and 5773?
251
What is the highest common divisor of 6878516 and 60?
4
What is the greatest common factor of 36176 and 282701?
19
Calculate the greatest common divisor of 12 and 231120288.
12
What is the greatest common factor of 49769 and 513223?
317
Calculate the greatest common factor of 8849388 and 5106.
138
What is the greatest common divisor of 2938 and 286184704?
2938
What is the greatest common divisor of 2499730 and 28030?
10
What is the greatest common factor of 97 and 215249014?
97
Calculate the highest common divisor of 40575 and 18000.
75
Calculate the greatest common divisor of 40449 and 3856277.
139
Calculate the highest common factor of 37626523 and 149.
149
Calculate th